{"id":425,"date":"2022-08-18T23:59:20","date_gmt":"2022-08-18T23:59:20","guid":{"rendered":"https:\/\/cedecenter.com\/educacion\/?post_type=product&#038;p=425"},"modified":"2022-09-05T21:06:49","modified_gmt":"2022-09-05T21:06:49","slug":"capacitaciones-profesionales","status":"publish","type":"product","link":"https:\/\/cedecenter.com\/educacion\/producto\/capacitaciones-profesionales\/","title":{"rendered":"Auxiliar T\u00e9cnico en Mec\u00e1nica de Motos"},"content":{"rendered":"<p>Mec\u00e1nica de motos<\/p>\n","protected":false},"excerpt":{"rendered":"<p>Mec\u00e1nica de motos<\/p>\n","protected":false},"featured_media":0,"comment_status":"open","ping_status":"closed","template":"","meta":[],"product_cat":[39],"product_tag":[],"acf":[],"_links":{"self":[{"href":"https:\/\/cedecenter.com\/educacion\/wp-json\/wp\/v2\/product\/425"}],"collection":[{"href":"https:\/\/cedecenter.com\/educacion\/wp-json\/wp\/v2\/product"}],"about":[{"href":"https:\/\/cedecenter.com\/educacion\/wp-json\/wp\/v2\/types\/product"}],"replies":[{"embeddable":true,"href":"https:\/\/cedecenter.com\/educacion\/wp-json\/wp\/v2\/comments?post=425"}],"version-history":[{"count":3,"href":"https:\/\/cedecenter.com\/educacion\/wp-json\/wp\/v2\/product\/425\/revisions"}],"predecessor-version":[{"id":585,"href":"https:\/\/cedecenter.com\/educacion\/wp-json\/wp\/v2\/product\/425\/revisions\/585"}],"wp:attachment":[{"href":"https:\/\/cedecenter.com\/educacion\/wp-json\/wp\/v2\/media?parent=425"}],"wp:term":[{"taxonomy":"product_cat","embeddable":true,"href":"https:\/\/cedecenter.com\/educacion\/wp-json\/wp\/v2\/product_cat?post=425"},{"taxonomy":"product_tag","embeddable":true,"href":"https:\/\/cedecenter.com\/educacion\/wp-json\/wp\/v2\/product_tag?post=425"}],"curies":[{"name":"wp","href":"https:\/\/api.w.org\/{rel}","templated":true}]}}